{"id":27,"date":"2016-09-09T19:13:52","date_gmt":"2016-09-09T19:13:52","guid":{"rendered":"http:\/\/dance-in-line.de\/?page_id=27"},"modified":"2016-09-09T19:13:52","modified_gmt":"2016-09-09T19:13:52","slug":"ueber-uns","status":"publish","type":"page","link":"https:\/\/neu.tvno-berlin.de\/?page_id=27","title":{"rendered":"\u00dcber uns"},"content":{"rendered":"<p><img loading=\"lazy\" decoding=\"async\" class=\" wp-image-61 alignright\" src=\"https:\/\/dance-in-line.de\/wp-content\/uploads\/2016\/09\/line-dance-traumfaenger-klein.png\" alt=\"Line Dance Trainer\" width=\"124\" height=\"266\" \/><\/p>\n<p style=\"text-align: center;\">Wir sind nunmehr seit mehr als 15 Jahren, mit Leib und Seele Line Dancer, unsere F\u00e4higkeiten in diesem Tanzsport haben wir in der Tanzschule erworben und erweitert. Im Jahr 2008 haben wir unsere erste Line Dance Gruppe aus blutigen Anf\u00e4ngern gegr\u00fcndet, mit Erfolg. Heute besteht diese Gruppe immer noch und hat auch einige Auftritte hinter sich. Ganz sicher k\u00f6nnen wir auch euch, mit unserer Begeisterung, unserem Spa\u00df und unserer guten Laune anstecken und f\u00fcr Line Dance begeistern!<\/p>\n<p style=\"text-align: center;\"><span style=\"text-decoration: underline;\">Wir freuen uns auf Euren Besuch!<\/span><\/p>\n<p style=\"text-align: center;\"><img loading=\"lazy\" decoding=\"async\" class=\"alignnone size-thumbnail wp-image-112\" src=\"https:\/\/dance-in-line.de\/wp-content\/uploads\/2016\/09\/Line-Dance-Trainerin-Antje.jpg\" alt=\"img_0132-3\" width=\"150\" height=\"150\" \/>\u00a0\u00a0\u00a0\u00a0 <img loading=\"lazy\" decoding=\"async\" class=\"alignnone size-thumbnail wp-image-113\" src=\"https:\/\/dance-in-line.de\/wp-content\/uploads\/2016\/09\/Line-Dance-Trainerin-Gabi.jpg\" alt=\"img_20160925_143923-3\" width=\"150\" height=\"150\" \/><\/p>\n<p style=\"text-align: center;\"><span style=\"color: #822f2c;\"><strong>VG<\/strong><\/span><\/p>\n<p style=\"text-align: center;\"><span style=\"color: #822f2c;\"><strong>Antje und Gabi<\/strong><\/span><\/p>\n<p style=\"text-align: left;\">\n","protected":false},"excerpt":{"rendered":"<p>Wir sind nunmehr seit mehr als 15 Jahren, mit Leib und Seele Line Dancer, unsere F\u00e4higkeiten in diesem Tanzsport haben<\/p>\n","protected":false},"author":2,"featured_media":0,"parent":0,"menu_order":30,"comment_status":"closed","ping_status":"closed","template":"","meta":{"footnotes":""},"_links":{"self":[{"href":"https:\/\/neu.tvno-berlin.de\/index.php?rest_route=\/wp\/v2\/pages\/27"}],"collection":[{"href":"https:\/\/neu.tvno-berlin.de\/index.php?rest_route=\/wp\/v2\/pages"}],"about":[{"href":"https:\/\/neu.tvno-berlin.de\/index.php?rest_route=\/wp\/v2\/types\/page"}],"author":[{"embeddable":true,"href":"https:\/\/neu.tvno-berlin.de\/index.php?rest_route=\/wp\/v2\/users\/2"}],"replies":[{"embeddable":true,"href":"https:\/\/neu.tvno-berlin.de\/index.php?rest_route=%2Fwp%2Fv2%2Fcomments&post=27"}],"version-history":[{"count":0,"href":"https:\/\/neu.tvno-berlin.de\/index.php?rest_route=\/wp\/v2\/pages\/27\/revisions"}],"wp:attachment":[{"href":"https:\/\/neu.tvno-berlin.de\/index.php?rest_route=%2Fwp%2Fv2%2Fmedia&parent=27"}],"curies":[{"name":"wp","href":"https:\/\/api.w.org\/{rel}","templated":true}]}}